?
2d
What is -132 (base 5) in base 3?
-1120
Convert -a9 (base 15) to base 9.
-186
What is 12 (base 8) in base 10?
10
Convert -8a (base 15) to base 11.
-109
-10110111 (base 2) to base 9
-223
What is -59 (base 10) in base 14?
-43
What is -3 (base 16) in base 3?
-10
Convert 8 (base 13) to base 4.
20
What is 169 (base 10) in base 7?
331
Convert 333 (base 5) to base 10.
93
Convert 32 (base 15) to base 11.
43
2 (base 5) to base 2
10
33 (base 12) to base 15
29
What is -4 (base 8) in base 6?
-4
1f (base 16) to base 7
43
-118 (base 10) to base 9
-141
Convert -47 (base 15) to base 14.
-4b
-100111 (base 2) to base 15
-29
Convert -7 (base 11) to base 7.
-10
What is -12 (base 3) in base 8?
-5
What is 147 (base 8) in base 13?
7c
-1114 (base 6) to base 2
-100000110
-1 (base 10) to base 14
-1
191 (base 11) to base 16
dd
Convert -4 (base 9) to base 2.
-100
Convert 7 (base 10) to base 5.
12
What is -23 (base 15) in base 16?
-21
Convert 32 (base 6) to base 15.
15
Convert 7 (base 14) to base 7.
10
Convert -30 (base 8) to base 10.
-24
What is 1000 (base 2) in base 9?
8
Convert 7a (base 11) to base 14.
63
What is -1 (base 9) in base 16?
-1
What is -136 (base 12) in base 6?
-510
4 (base 16) to base 4
10
What is 8 (base 14) in base 12?
8
Convert 7e (base 16) to base 7.
240
Convert -101 (base 16) to base 6.
-1105
Convert 0 (base 16) to base 9.
0
Convert 5 (base 11) to base 16.
5
What is -40 (base 14) in base 7?
-110
What is -102 (base 3) in base 6?
-15
5 (base 11) to base 8
5
What is 233 (base 4) in base 10?
47
Convert 75 (base 13) to base 16.
60
-7 (base 14) to base 3
-21
0 (base 16) to base 5
0
What is -107 (base 12) in base 14?
-ab
-242 (base 5) to base 3
-2200
-1 (base 14) to base 16
-1
Convert 111 (base 2) to base 5.
12
Convert -7 (base 14) to base 10.
-7
What is 1 (base 3) in base 16?
1
What is -3 (base 12) in base 13?
-3
Convert -15 (base 15) to base 14.
-16
What is -16 (base 11) in base 13?
-14
-3b (base 14) to base 4
-311
What is 0 (base 14) in base 9?
0
What is -3 (base 6) in base 2?
-11
Convert 7f (base 16) to base 9.
151
What is -1125 (base 6) in base 5?
-2034
1 (base 10) to base 14
1
-2 (base 16) to base 14
-2
What is -100 (base 2) in base 11?
-4
What is -10 (base 4) in base 3?
-11
Convert -2 (base 10) to base 9.
-2
7 (base 16) to base 11
7
What is -37 (base 14) in base 10?
-49
What is -112 (base 3) in base 13?
-11
Convert 0 (base 7) to base 6.
0
What is 20 (base 6) in base 14?
c
What is -56 (base 10) in base 5?
-211
Convert 1432 (base 5) to base 16.
f2
Convert -120 (base 3) to base 2.
-1111
Convert -41 (base 5) to base 11.
-1a
Convert 1 (base 13) to base 9.
1
Convert 2101 (base 3) to base 5.
224
38 (base 13) to base 9
52
What is 110 (base 3) in base 16?
c
-16 (base 10) to base 9
-17
What is -a (base 16) in base 10?
-10
Convert -7 (base 10) to base 16.
-7
Convert -4 (base 5) to base 7.
-4
What is 2 (base 13) in base 10?
2
What is 5 (base 8) in base 7?
5
7 (base 9) to base 4
13
What is -18 (base 11) in base 3?
-201
91 (base 12) to base 6
301
What is 21 (base 15) in base 12?
27
What is 113 (base 4) in base 2?
10111
4 (base 12) to base 5
4
-1 (base 14) to base 2
-1
Convert 1 (base 13) to base 8.
1
Convert 10 (base 14) to base 13.
11
Convert 10 (base 2) to base 11.
2
What is -2 (base 5) in base 10?
-2
Convert 47 (base 14) to base 5.
223
What is -2 (base 13) in base 12?
-2
9 (base 13) to base 14
9
-3 (base 12) to base 13
-3
Convert 1110001 (base 2) to base 10.
113
Convert -9 (base 12) to base 5.
-14
What is 0 (base 10) in base 7?
0
Convert 331 (base 7) to base 13.
100
Convert 10 (base 2) to base 16.
2
-11 (base 11) to base 13
-c
What is -8 (base 16) in base 10?
-8
-73 (base 15) to base 16
-6c
Convert -14 (base 10) to base 4.
-32
Convert -2210 (base 5) to base 7.
-614
What is -1120 (base 3) in base 7?
-60
66 (base 7) to base 9
53
What is -1213 (base 4) in base 16?
-67
1010 (base 3) to base 5
110
-1212 (base 3) to base 16
-32
Convert 2 (base 12) to base 10.
2
What is -111 (base 4) in base 7?
-30
Convert 223 (base 4) to base 16.
2b
Convert 0 (base 14) to base 9.
0
What is -6c (base 16) in base 14?
-7a
Convert -51 (base 10) to base 15.
-36
Convert 0 (base 5) to base 10.
0
4 (base 6) to base 4
10
Convert -24 (base 16) to base 2.
-100100
What is -110100 (base 2) in base 13?
-40
What is 8 (base 14) in base 2?
1000
-71 (base 9) to base 4
-1000
403 (base 6) to base 16
93
0 (base 14) to base 6
0
18 (base 15) to base 12
1b
What is 1 (base 10) in base 14?
1
What is 342 (base 7) in base 14?
c9
Convert 11 (base 4) to base 13.
5
-10 (base 3) to base 16
-3
Convert -1 (base 6) to base 3.
-1
What is -10 (base 3) in base 15?
-3
100 (base 6) to base 16
24
Convert 63 (base 10) to base 4.
333
What is 3 (base 14) in base 11?
3
Convert 1 (base 12) to base 9.
1
-3b (base 15) to base 4
-320
Convert 17 (base 12) to base 6.
31
Convert 47 (base 8) to base 13.
30
What is 129 (base 12) in base 4?
2301
What is 3a (base 11) in base 13?
34
What is -43 (base 7) in base 4?
-133
Convert 26 (base 15) to base 12.
30
10 (base 3) to base 10
3
What is -2a (base 11) in base 15?
-22
What is -a (base 11) in base 10?
-10
What is -4 (base 12) in base 5?
-4
What is -3 (base 5) in base 9?
-3
12 (base 5) to base 10
7
-246 (base 7) to base 14
-96
1001 (base 2) to base 6
13
Convert 2a (base 12) to base 2.
100010
Convert 2202 (base 3) to base 15.
4e
0 (base 10) to base 6
0
Convert 44 (base 5) to base 15.
19
Convert 52 (base 12) to base 16.
3e
Convert 2 (base 8) to base 15.
2
Convert -18 (base 11) to base 9.
-21
-120 (base 10) to base 7
-231
1 (base 9) to base 12
1
-31 (base 7) to base 3
-211
What is -9 (base 11) in base 16?
-9
What is -112 (base 4) in base 6?
-34
-9 (base 11) to base 8
-11
What is 120 (base 3) in base 9?
16
3 (base 10) to base 3
10
-2031 (base 5) to base 16
-10a
What is -116 (base 16) in base 5?
-2103
30 (base 10) to base 11
28
What is -48 (base 11) in base 14?
-3a
What is -5 (base 14) in base 13?
-5
173 (base 8) to base 15
83
Convert 32 (base 13) to base 16.
29
Convert 0 (base 14) to base 2.
0
Convert 1 (base 10) to base 11.
1
Convert 36 (base 10) to base 14.
28
2 (base 10) to base 9
2
3 (base 9) to base 10
3
Convert 244 (base 6) to base 9.
121
Convert -271 (base 8) to base 12.
-135
Convert 15 (base 10) to base 16.
f
Convert -1 (base 4) to base 15.
-1
What is 187 (base 9) in base 6?
424
1043 (base 6) to base 5
1433
What is -11 (base 4) in base 5?
-10
Convert 3 (base 5) to base 13.
3
Convert 0 (base 2) to base 12.
0
Convert -114 (base 6) to base 7.
-64
Convert -3c (base 16) to base 13.
-48
What is 22 (base 4) in base 3?
101
Convert 2002 (base 3) to base 8.
70
Convert -1 (base 12) to base 9.
-1
What is 1022 (base 5) in base 7?
254
What is -40 (base 14) in base 16?
-38
3 (base 10) to base 15
3
What is 240 (base 5) in base 6?
154
Convert -10 (base 7) to base 14.
-7
Convert -51 (base 9) to base 15.
-31
212 (base 10) to base 2
11010100
What is 43 (base 11) in base 14?
35
What is -3c (base 15) in base 4?
-321
What is -49 (base 12) in base 2?
-111001
100 (base 2) to base 13
4
Convert 2 (base 11) to base 15.
2
What is 3a (base 13) in base 4?
301
Convert -4 (base 16) to base 2.
-100
What is 7 (base 11) in base 16?
7
Convert 332 (base 5) to base 14.
68
13 (base 8) to base 12
b
What is 5 (base 10) in base 4?
11
What is -100 (base 2) in base 3?
-11
3 (base 9) to base 16
3
Convert -17 (base 16) to base 13.
-1a
Convert -12 (base 8) to base 6.
-14
What is 115 (base 11) in base 12?
b5
What is 432 (base 10) in base 2?
110110000
What is 1011100 (base 2) in base 16?
5c
What is -15 (base 10) in base 3?
-120
Convert -10 (base 7) to base 4.
-13
Convert -28 (base 12) to base 3.
-1012
276 (base 11) to base 14
193
Convert 20 (base 3) to base 14.
6
-111 (base 3) to base 4
-31
Convert 166 (base 8) to base 9.
141
Convert 1 (base 15) to base 8.
1
Convert 226 (base 11) to base 10.
270
What is -12 (base 3) in base 13?
-5
3 (base 6) to base 15
3
What is 28 (base 11) in base 10?
30
What is 2 (base 5) in base 4?
2
What is 10 (base 3) in base 2?
11
What is -1024 (base 5) in base 10?
-139
-3 (base 5) to base 14
-3
Convert a (base 11) to base 2.
1010
What is 0 (base 5) in base 7?
0
What is -222 (base 7) in base 3?
-11020
Convert -110111 (base 2) to base 10.
-55
-2 (base 12) to base 5
-2
What is 1141 (base 5) in base 13?
102
9 